{"id":2695,"date":"2019-12-07T10:06:06","date_gmt":"2019-12-07T09:06:06","guid":{"rendered":"https:\/\/esmclub.be\/site\/?page_id=2695"},"modified":"2020-03-18T19:17:47","modified_gmt":"2020-03-18T18:17:47","slug":"nominees-du-mois","status":"publish","type":"page","link":"https:\/\/esmclub.be\/site\/nominees-du-mois\/","title":{"rendered":"Nomin\u00e9(e)s du mois"},"content":{"rendered":"<p><img loading=\"lazy\" decoding=\"async\" class=\"size-medium wp-image-2699 alignleft\" src=\"https:\/\/esmclub.be\/wp-content\/uploads\/2019\/12\/nomine-300x300.jpg\" alt=\"\" width=\"300\" height=\"300\" srcset=\"https:\/\/esmclub.be\/wp-content\/uploads\/2019\/12\/nomine-300x300.jpg 300w, https:\/\/esmclub.be\/wp-content\/uploads\/2019\/12\/nomine-150x150.jpg 150w, https:\/\/esmclub.be\/wp-content\/uploads\/2019\/12\/nomine-768x768.jpg 768w, https:\/\/esmclub.be\/wp-content\/uploads\/2019\/12\/nomine.jpg 800w\" sizes=\"auto, (max-width: 300px) 100vw, 300px\" \/><\/p>\n<p>&nbsp;<\/p>\n<p>&nbsp;<\/p>\n<p>&nbsp;<\/p>\n<p>Dans cette rubrique, vous trouverez les nomin\u00e9s mensuels d\u00e9sign\u00e9s par la cellule technique.&nbsp;<\/p>\n<p><!--more--><\/p>\n<p>&nbsp;<\/p>\n<p><a href=\"https:\/\/esmclub.be\/wp-content\/uploads\/2020\/03\/nomin\u00e9s-f\u00e9vrier-2020.pdf\">R\u00e9sultats de f\u00e9vrier 2020<\/a><\/p>\n<p>&nbsp;<\/p>\n<p><a href=\"https:\/\/esmclub.be\/wp-content\/uploads\/2020\/02\/nomin\u00e9s-janvier-2020.pdf\">R\u00e9sultats de janvier 2020<\/a><\/p>\n<p>&nbsp;<\/p>\n<p><a href=\"https:\/\/esmclub.be\/wp-content\/uploads\/2020\/01\/nomin\u00e9s-d\u00e9cembre-19.pdf\">R\u00e9sultats de d\u00e9cembre 2019<\/a><\/p>\n<p>&nbsp;<\/p>\n<p><a href=\"https:\/\/esmclub.be\/wp-content\/uploads\/2019\/12\/Nomin\u00e9s-novembre-2019.pdf\">R\u00e9sultats de novembre 2019<\/a><\/p>\n<p>&nbsp;<\/p>\n<p><a href=\"https:\/\/esmclub.be\/wp-content\/uploads\/2019\/12\/vainqueurs-2019.pdf\">R\u00e9sultats pour l&rsquo;ann\u00e9e 2018 &#8211; 2019&nbsp;<\/a><\/p>\n","protected":false},"excerpt":{"rendered":"<p>&nbsp; &nbsp; &nbsp; Dans cette rubrique, vous trouverez les nomin\u00e9s mensuels d\u00e9sign\u00e9s par la cellule technique.&nbsp;<\/p>\n","protected":false},"author":5,"featured_media":0,"parent":0,"menu_order":0,"comment_status":"closed","ping_status":"closed","template":"","meta":{"footnotes":""},"class_list":["post-2695","page","type-page","status-publish","hentry"],"_links":{"self":[{"href":"https:\/\/esmclub.be\/site\/wp-json\/wp\/v2\/pages\/2695","targetHints":{"allow":["GET"]}}],"collection":[{"href":"https:\/\/esmclub.be\/site\/wp-json\/wp\/v2\/pages"}],"about":[{"href":"https:\/\/esmclub.be\/site\/wp-json\/wp\/v2\/types\/page"}],"author":[{"embeddable":true,"href":"https:\/\/esmclub.be\/site\/wp-json\/wp\/v2\/users\/5"}],"replies":[{"embeddable":true,"href":"https:\/\/esmclub.be\/site\/wp-json\/wp\/v2\/comments?post=2695"}],"version-history":[{"count":8,"href":"https:\/\/esmclub.be\/site\/wp-json\/wp\/v2\/pages\/2695\/revisions"}],"predecessor-version":[{"id":3046,"href":"https:\/\/esmclub.be\/site\/wp-json\/wp\/v2\/pages\/2695\/revisions\/3046"}],"wp:attachment":[{"href":"https:\/\/esmclub.be\/site\/wp-json\/wp\/v2\/media?parent=2695"}],"curies":[{"name":"wp","href":"https:\/\/api.w.org\/{rel}","templated":true}]}}