{"id":2757,"date":"2020-01-10T17:50:47","date_gmt":"2020-01-10T16:50:47","guid":{"rendered":"https:\/\/esmclub.be\/site\/?page_id=2757"},"modified":"2026-01-08T15:09:11","modified_gmt":"2026-01-08T14:09:11","slug":"tqableau-de-reference-du-10-km-progression","status":"publish","type":"page","link":"https:\/\/esmclub.be\/site\/les-entrainements\/tqableau-de-reference-du-10-km-progression\/","title":{"rendered":"Ranking ESM 10 KM"},"content":{"rendered":"<p>Bonjour,<\/p>\n<p>la cellule technique\u00a0 essaie de tenir \u00e0 jour une liste des performances des coureurs ESM sur 10 kms durant toute l\u2019ann\u00e9e (en commen\u00e7ant par Gerpinnes de l&rsquo;ann\u00e9e pr\u00e9c\u00e9dente) et proclamer ainsi performances et progressions lors d&rsquo;un \u00e9v\u00e9nement fin de l&rsquo;ann\u00e9e.<\/p>\n<p>Le classement se fait sur la vitesse kilom\u00e9trique horaire afin de prendre en compte toutes les courses entre 9k500 et 10k500.<\/p>\n<p>Ainsi par exemple, 40\u2032 sur 10 kms = class\u00e9 avec 15,0 km\/h; 55\u201955 = class\u00e9 avec\u00a0\u00a010,73 km \/h\u2026.<\/p>\n<p>On tient aussi compte du temps de passage au\u00a0 10 \u00e8me\u00a0km\u00a0 d&rsquo;une course si celui-ci est fourni par l&rsquo;organisateur dans le classement.<\/p>\n<p>Seront prioritairement repris ceux qui se sont inscrits avec le sigle ESM.<\/p>\n<p>Merci de v\u00e9rifier les temps , de corriger ou d\u2019ajouter des \u00e9l\u00e9ments. Chacun est invit\u00e9 \u00e0 signaler son chrono \u00e0\u00a0son r\u00e9f\u00e9rent ou \u00e0 un membre de la cellule technique.<\/p>\n<p>Transmettre: lieu et date de la course, distance officielle, temps r\u00e9alis\u00e9, moyenne kilom\u00e9trique, cat\u00e9gorie.<\/p>\n<div>Ci-dessous le classement final 2025<\/div>\n<div><\/div>\n<div><a href=\"https:\/\/esmclub.be\/wp-content\/uploads\/2026\/01\/ranking-2025.pdf\">Ranking 10km 2025<\/a><\/div>\n<p>Bien \u00e0 vous.<br \/>\nPaul<\/p>\n","protected":false},"excerpt":{"rendered":"<p>Bonjour, la cellule technique\u00a0 essaie de tenir \u00e0 jour une liste des performances des coureurs ESM sur 10 kms durant toute l\u2019ann\u00e9e (en commen\u00e7ant par Gerpinnes de l&rsquo;ann\u00e9e pr\u00e9c\u00e9dente) et proclamer ainsi performances et progressions lors d&rsquo;un \u00e9v\u00e9nement fin de &hellip;<\/p>\n<p><a href=\"https:\/\/esmclub.be\/site\/les-entrainements\/tqableau-de-reference-du-10-km-progression\/\">Continue Reading<span class=\"meta-nav\">&rarr;<\/span><\/a><\/p>\n","protected":false},"author":5,"featured_media":0,"parent":374,"menu_order":0,"comment_status":"closed","ping_status":"closed","template":"","meta":{"footnotes":""},"class_list":["post-2757","page","type-page","status-publish","hentry"],"_links":{"self":[{"href":"https:\/\/esmclub.be\/site\/wp-json\/wp\/v2\/pages\/2757","targetHints":{"allow":["GET"]}}],"collection":[{"href":"https:\/\/esmclub.be\/site\/wp-json\/wp\/v2\/pages"}],"about":[{"href":"https:\/\/esmclub.be\/site\/wp-json\/wp\/v2\/types\/page"}],"author":[{"embeddable":true,"href":"https:\/\/esmclub.be\/site\/wp-json\/wp\/v2\/users\/5"}],"replies":[{"embeddable":true,"href":"https:\/\/esmclub.be\/site\/wp-json\/wp\/v2\/comments?post=2757"}],"version-history":[{"count":16,"href":"https:\/\/esmclub.be\/site\/wp-json\/wp\/v2\/pages\/2757\/revisions"}],"predecessor-version":[{"id":4034,"href":"https:\/\/esmclub.be\/site\/wp-json\/wp\/v2\/pages\/2757\/revisions\/4034"}],"up":[{"embeddable":true,"href":"https:\/\/esmclub.be\/site\/wp-json\/wp\/v2\/pages\/374"}],"wp:attachment":[{"href":"https:\/\/esmclub.be\/site\/wp-json\/wp\/v2\/media?parent=2757"}],"curies":[{"name":"wp","href":"https:\/\/api.w.org\/{rel}","templated":true}]}}