{"id":28,"date":"2018-09-03T13:20:53","date_gmt":"2018-09-03T11:20:53","guid":{"rendered":"http:\/\/michelbarzin.be\/ESM\/?page_id=28"},"modified":"2019-04-02T10:24:39","modified_gmt":"2019-04-02T08:24:39","slug":"nos-courses","status":"publish","type":"page","link":"https:\/\/esmclub.be\/site\/nos-courses\/","title":{"rendered":"Nos courses"},"content":{"rendered":"<p>L&rsquo;ESM organise 2 courses.&nbsp;<\/p>\n<p>&nbsp;<\/p>\n<p>La premi\u00e8re est le circuit de la Portelette qui se d\u00e9roule \u00e0 Lobbes. Elle s&rsquo;articule autour de la course des enfants, d&rsquo;un parcours de 5 km et d&rsquo;un autre de 13 km. qui a f\u00eat\u00e9 sa 40\u00e8me cette ann\u00e9e<\/p>\n","protected":false},"excerpt":{"rendered":"<p>L&rsquo;ESM organise 2 courses.&nbsp; &nbsp; La premi\u00e8re est le circuit de la Portelette qui se d\u00e9roule \u00e0 Lobbes. Elle s&rsquo;articule autour de la course des enfants, d&rsquo;un parcours de 5 km et d&rsquo;un autre de 13 km. qui a f\u00eat\u00e9 &hellip;<\/p>\n<p><a href=\"https:\/\/esmclub.be\/site\/nos-courses\/\">Continue Reading<span class=\"meta-nav\">&rarr;<\/span><\/a><\/p>\n","protected":false},"author":1,"featured_media":0,"parent":0,"menu_order":0,"comment_status":"closed","ping_status":"closed","template":"","meta":{"footnotes":""},"class_list":["post-28","page","type-page","status-publish","hentry"],"_links":{"self":[{"href":"https:\/\/esmclub.be\/site\/wp-json\/wp\/v2\/pages\/28","targetHints":{"allow":["GET"]}}],"collection":[{"href":"https:\/\/esmclub.be\/site\/wp-json\/wp\/v2\/pages"}],"about":[{"href":"https:\/\/esmclub.be\/site\/wp-json\/wp\/v2\/types\/page"}],"author":[{"embeddable":true,"href":"https:\/\/esmclub.be\/site\/wp-json\/wp\/v2\/users\/1"}],"replies":[{"embeddable":true,"href":"https:\/\/esmclub.be\/site\/wp-json\/wp\/v2\/comments?post=28"}],"version-history":[{"count":2,"href":"https:\/\/esmclub.be\/site\/wp-json\/wp\/v2\/pages\/28\/revisions"}],"predecessor-version":[{"id":323,"href":"https:\/\/esmclub.be\/site\/wp-json\/wp\/v2\/pages\/28\/revisions\/323"}],"wp:attachment":[{"href":"https:\/\/esmclub.be\/site\/wp-json\/wp\/v2\/media?parent=28"}],"curies":[{"name":"wp","href":"https:\/\/api.w.org\/{rel}","templated":true}]}}