{"id":3460,"date":"2023-01-02T20:17:03","date_gmt":"2023-01-02T19:17:03","guid":{"rendered":"https:\/\/esmclub.be\/site\/?page_id=3460"},"modified":"2025-12-11T10:17:09","modified_gmt":"2025-12-11T09:17:09","slug":"sponsors-de-la-portelette","status":"publish","type":"page","link":"https:\/\/esmclub.be\/site\/sponsors-de-la-portelette\/","title":{"rendered":"Sponsors de La Portelette"},"content":{"rendered":"<p><strong>Nos remercions sinc\u00e8rement nos sponsors, n&rsquo;h\u00e9sitez pas \u00e0 vous rendre chez eux !<\/strong><\/p>\n<p><!--more--><\/p>\n<p>&nbsp;<\/p>\n","protected":false},"excerpt":{"rendered":"<p>Nos remercions sinc\u00e8rement nos sponsors, n&rsquo;h\u00e9sitez pas \u00e0 vous rendre chez eux !<\/p>\n","protected":false},"author":5,"featured_media":0,"parent":0,"menu_order":0,"comment_status":"closed","ping_status":"closed","template":"","meta":{"footnotes":""},"class_list":["post-3460","page","type-page","status-publish","hentry"],"_links":{"self":[{"href":"https:\/\/esmclub.be\/site\/wp-json\/wp\/v2\/pages\/3460","targetHints":{"allow":["GET"]}}],"collection":[{"href":"https:\/\/esmclub.be\/site\/wp-json\/wp\/v2\/pages"}],"about":[{"href":"https:\/\/esmclub.be\/site\/wp-json\/wp\/v2\/types\/page"}],"author":[{"embeddable":true,"href":"https:\/\/esmclub.be\/site\/wp-json\/wp\/v2\/users\/5"}],"replies":[{"embeddable":true,"href":"https:\/\/esmclub.be\/site\/wp-json\/wp\/v2\/comments?post=3460"}],"version-history":[{"count":33,"href":"https:\/\/esmclub.be\/site\/wp-json\/wp\/v2\/pages\/3460\/revisions"}],"predecessor-version":[{"id":4019,"href":"https:\/\/esmclub.be\/site\/wp-json\/wp\/v2\/pages\/3460\/revisions\/4019"}],"wp:attachment":[{"href":"https:\/\/esmclub.be\/site\/wp-json\/wp\/v2\/media?parent=3460"}],"curies":[{"name":"wp","href":"https:\/\/api.w.org\/{rel}","templated":true}]}}